{"id":150,"date":"2018-12-31T16:47:48","date_gmt":"2018-12-31T15:47:48","guid":{"rendered":"http:\/\/www.zellampettenfirst.at\/pohg\/wordpress\/?page_id=150"},"modified":"2023-07-18T10:19:48","modified_gmt":"2023-07-18T08:19:48","slug":"wasserwelten","status":"publish","type":"page","link":"http:\/\/www.zellampettenfirst.at\/waldDerKinderV3\/wordpress\/wasserwelten\/","title":{"rendered":"Wasserwelten"},"content":{"rendered":"<p><strong>Schwimmende Bl\u00e4tter, H\u00e4ngebr\u00fccke, Froschk\u00f6nig,&#8230;<\/strong><\/p>\n<p>Plitsch &#8211; platsch, gluck-gluck und tap tap!! Wasser ist immer eine Herausforderung. Hier sind Gleichgewicht, Konzentration und Mut gefragt. Ein bisschen auf dem auf Bl\u00e4ttern \u00fcber den Teich tanzen &#8211; oder es doch mit der komischen Br\u00fccke versuchen. Nein, nein! Vielleicht geht`s ja am R\u00fccken dieses Quakers?! Manche genie\u00dfen wahrscheinlich das Zuschauen, suchen sich ein gem\u00fctliches <strong>Nest<\/strong> und stecken ihre <strong>Nase<\/strong> lieber <strong>in andere Dinge<\/strong>. <strong>Viel Spa\u00df beim TAP &#8211; TAP und hoffentlich wenig GLUCK &#8211; GLUCK!! &#8211;\u00a0<\/strong>Leider hat auch hier das Klima seine Auswirkung. Es wird immer trockener. Ist vielleicht auch ganz gut, du wirst nicht so nass.<\/p>\n","protected":false},"excerpt":{"rendered":"<p>Schwimmende Bl\u00e4tter, H\u00e4ngebr\u00fccke, Froschk\u00f6nig,&#8230; Plitsch &#8211; platsch, gluck-gluck und tap tap!! Wasser ist immer eine Herausforderung. Hier sind Gleichgewicht, Konzentration und Mut gefragt. Ein bisschen auf dem auf Bl\u00e4ttern \u00fcber den Teich tanzen &#8211; oder es doch mit der komischen Br\u00fccke versuchen. Nein, nein! Vielleicht geht`s ja am R\u00fccken dieses Quakers?! Manche genie\u00dfen wahrscheinlich das [&hellip;]<\/p>\n","protected":false},"author":1,"featured_media":151,"parent":0,"menu_order":0,"comment_status":"closed","ping_status":"closed","template":"","meta":[],"_links":{"self":[{"href":"http:\/\/www.zellampettenfirst.at\/waldDerKinderV3\/wordpress\/wp-json\/wp\/v2\/pages\/150"}],"collection":[{"href":"http:\/\/www.zellampettenfirst.at\/waldDerKinderV3\/wordpress\/wp-json\/wp\/v2\/pages"}],"about":[{"href":"http:\/\/www.zellampettenfirst.at\/waldDerKinderV3\/wordpress\/wp-json\/wp\/v2\/types\/page"}],"author":[{"embeddable":true,"href":"http:\/\/www.zellampettenfirst.at\/waldDerKinderV3\/wordpress\/wp-json\/wp\/v2\/users\/1"}],"replies":[{"embeddable":true,"href":"http:\/\/www.zellampettenfirst.at\/waldDerKinderV3\/wordpress\/wp-json\/wp\/v2\/comments?post=150"}],"version-history":[{"count":3,"href":"http:\/\/www.zellampettenfirst.at\/waldDerKinderV3\/wordpress\/wp-json\/wp\/v2\/pages\/150\/revisions"}],"predecessor-version":[{"id":291,"href":"http:\/\/www.zellampettenfirst.at\/waldDerKinderV3\/wordpress\/wp-json\/wp\/v2\/pages\/150\/revisions\/291"}],"wp:featuredmedia":[{"embeddable":true,"href":"http:\/\/www.zellampettenfirst.at\/waldDerKinderV3\/wordpress\/wp-json\/wp\/v2\/media\/151"}],"wp:attachment":[{"href":"http:\/\/www.zellampettenfirst.at\/waldDerKinderV3\/wordpress\/wp-json\/wp\/v2\/media?parent=150"}],"curies":[{"name":"wp","href":"https:\/\/api.w.org\/{rel}","templated":true}]}}